)*(-280)/(-42). Let m be 768/z*20/(-6). Calculate the highest common factor of m and 20.
4
Suppose 0 = 2*p + 7*p + 1539. Let u = -131 - p. What is the greatest common divisor of 60 and u?
20
Let x = 252 + -247. Suppose x*m = -24 + 164. Calculate the highest common divisor of 196 and m.
28
Let q = -149 + 163. Let p(l) = -l**3 + 8*l**2 - l + 35. Let w be p(0). What is the greatest common divisor of q and w?
7
Let g = -55 + 92. Let x = -22 + g. Let j = 521 + -491. Calculate the greatest common divisor of x and j.
15
Let b be (110 + 2)*(-10 + 5)/(-5). What is the highest common factor of b and 10?
2
Let c be (3 + -2)*23 + 1. Let b be 108 + (c/(-30))/(4/10). Let i = b + -26. Calculate the greatest common divisor of i and 16.
16
Let j(w) = -68*w**2 - 1 + 0*w - 2*w + 79*w**2. Let r be j(-1). Calculate the greatest common factor of r and 24.
12
Let k(l) = 14*l - 1. Let q be k(9). Let w be (-6 - 2)/(-8)*27. Suppose -8*c - 950 = -w*c. Calculate the greatest common divisor of q and c.
25
Suppose n - 6 = -3. Suppose t + 346 = 5*f - n*t, f - 71 = -t. Calculate the highest common divisor of f and 280.
70
Let r(p) = 44*p**2 - 61*p + 62. Let x be r(1). Let l be (33 + -3)/(4/6). Calculate the highest common divisor of x and l.
45
Suppose -20*k + 417 = -17*k. Let j = k + -67. Let u(a) = 2*a**2 + 5*a - 1. Let q be u(-5). Calculate the greatest common divisor of q and j.
24
Let c(p) be the first derivative of p**4/4 - p**3/3 - 10*p - 3. Let i be c(0). Let r be (-8)/20*i/4. Calculate the greatest common divisor of 7 and r.
1
Let i = -31 - -36. Suppose -i*j = -0*j - j. Suppose j = -2*k - m + 24, k - 3*m - 38 = -3*k. Calculate the highest common divisor of 110 and k.
11
Let x be -21 - 183540/(-6 + -14). Calculate the greatest common divisor of x and 42.
42
Let h = 313306 - 313305. Let z(n) = 2*n**2 + n + 4. Let p be z(3). Suppose 35 = 5*c - p. Calculate the highest common divisor of c and h.
1
Suppose 0 = -2*k + 2*c + 19 - 3, 2*k - 1 = -3*c. Suppose 0 = -3*t + k*t + j - 104, 0 = -5*j. What is the greatest common factor of t and 182?
26
Suppose 4*m - 77 = -r, r = 5*m + 8 + 24. Let t = r + -26. Let k = t + -4. What is the highest common divisor of k and 108?
27
Suppose q - 3*q + p - 541 = 0, q + 4*p + 293 = 0. Let y = -130 - q. What is the greatest common divisor of 13 and y?
13
Let s(j) = j**3 + 64*j**2 - 77*j + 309. Let g be s(-65). What is the highest common factor of 3388 and g?
121
Let c = 3720 - 3349. What is the highest common divisor of 21 and c?
7
Let y be ((-20958)/(-168))/((-1)/(-36)). Calculate the highest common factor of 9 and y.
9
Let i(d) = d + 5. Let j be i(-5). Suppose 2*k = -l + 63 + 34, j = 2*l - 2. Let y = k - 44. What is the greatest common factor of 6 and y?
2
Let i(u) = -u**3 + 6*u**2 + 112*u + 18. Let v be i(-8). What is the highest common divisor of v and 1962?
18
Suppose 2*q - 226 = -c, -2*q + 2*c + 306 - 56 = 0. Calculate the highest common divisor of 988 and q.
13
Let p(b) = 2*b - 33. Let a be p(33). Let x = a - -57. Let z be ((-180)/(-27))/((-2)/(-6)). What is the highest common factor of x and z?
10
Suppose 5*h - 2*u = -18, 16 = -0*h - 4*h + 2*u. Let k be (14/(-21))/(h/(-27)). Let b be ((-148)/6)/(3/k). Calculate the highest common factor of 37 and b.
37
Suppose 2*v + 2*j = 158, 3*v - j - 82 = 143. Let p be (-3 - -2)/((-12)/2280). Calculate the highest common divisor of p and v.
38
Suppose 24*c = 38*c + 78*c - 3128. Calculate the greatest common divisor of 1445 and c.
17
Suppose -4*f + 376 = -4*g, f + 106 = 2*f - 4*g. Let k = f - 98. Let p be (-6*(9 + k))/((-1)/9). Calculate the highest common factor of 6 and p.
6
Suppose 0 = 6*t - 3*t - 525. Let y be 280/(-6)*(10 - 49/4). Calculate the highest common factor of y and t.
35
Let q be 5780/16 + 5/(-20). Let z = q - 325. What is the greatest common divisor of z and 96?
12
Let u(j) = 3*j**2 + 79*j + 433. Let i be u(-6). Let m be (4/(-10))/(1/(-235)). Let k = m - i. Calculate the highest common factor of 54 and k.
27
Suppose 4*m - 11*s - 319 = 0, 0 = s - 3*s - 10. What is the highest common divisor of 1551 and m?
33
Let v be -13 - (46/(-1) + -4). Calculate the greatest common factor of v and 2997.
37
Let l be 18/27 + (-8)/(-6). Suppose 0 = l*q + 6, -3*v + v + 49 = 3*q. Suppose s - c = -6*c - 1, -c - v = -3*s. Calculate the greatest common factor of 9 and s.
9
Let k = -93627 + 93683. Let r be 8*(1 - -1) + -2. Calculate the highest common divisor of r and k.
14
Suppose 6 = 2*z - 0*z, -2*z = -5*a + 84. Suppose 5*p = -x + 1033, 0 = -2*p - 4*x + 384 + 22. Calculate the highest common divisor of p and a.
9
Let h be 1 - -6 - (-1)/(6/(-12)). Suppose -3*t = -2*c - 228, h*c + 447 = 5*t + 67. Calculate the greatest common divisor of 95 and t.
19
Suppose 4*z = -5*m + 1738, -1094*z + 1089*z = 3*m - 2166. Calculate the highest common factor of z and 198.
18
Suppose -1599*z = -m - 1603*z + 117, -3*m = z - 373. Calculate the greatest common factor of m and 8.
1
Suppose 37787 + 77575 = 29*c. What is the highest common factor of 119 and c?
17
Let q(w) = -w + 5. Let h be q(0). Suppose -h*z - 3*v = -7*v - 100, -3*z - 3*v = -87. What is the greatest common factor of 8 and z?
8
Let u(p) = p - 7. Let t be u(9). Suppose 0 = -2*s + s + t. Let k be (-13)/(-3) + (4/3)/((-48)/12). What is the highest common divisor of s and k?
2
Let u = -31 + 37. Let d be (126/(-30))/(2/(-40)*u). What is the highest common factor of d and 21?
7
Let i be 2616/17 - (60/(-170))/3. Calculate the highest common divisor of i and 378.
14
Suppose -31 = -2*u - q + 35, -3*u = -3*q - 99. Suppose -u*x - 114 = -4965. What is the highest common factor of 63 and x?
21
Let t be (-57)/(-12) + 3/12. Suppose -2*m - 19 = 4*n - 185, 0 = 3*n - t*m - 92. Let q be 2 + 53 + -8 - -5. Calculate the highest common factor of q and n.
13
Let r(v) = v**3 + 15*v**2 - 4*v - 8. Let j be r(-15). Suppose 0 = 3*u - 2*a - 24, -2*u + 16 = 6*a - 7*a. What is the highest common factor of u and j?
4
Let n = -4358 - -4713. What is the highest common factor of n and 781?
71
Let s = -6832 - -8070. What is the highest common divisor of s and 2?
2
Suppose -24*r + 21*r = 9, 2*x - 3*r - 19 = 0. Suppose 3*h = x*k + 2 + 4, 5*h = -5*k + 50. Let y = 17 + 18. What is the highest common divisor of h and y?
7
Suppose -6*w + 452 = -3*w - p, 456 = 3*w - 3*p. What is the highest common factor of 1275 and w?
75
Let q = 62 - 31. Let f be q/8 - 5/(-40). Let n be f*((-23)/(-4) - 3). What is the highest common factor of 55 and n?
11
Suppose -2065 + 1777 = -8*w. Let q(g) = -31*g - 11. Let k be q(-5). What is the highest common divisor of w and k?
36
Let l(p) = 3*p**2 + p + 8. Suppose -3*b = -b + 14. Let s be 10 + b - (-28)/(-4). Let y be l(s). Calculate the highest common factor of 4 and y.
4
Let s = 28817 - 13337. What is the highest common divisor of 24 and s?
24
Suppose 4*z - 5*j = 674 - 629, -5*z + 3*j = -66. Let n(o) = 3*o**2 - 4*o + 3. Let u be n(-6). What is the greatest common factor of z and u?
15
Let m(n) = 90*n + 6805. Let c be m(-67). What is the highest common factor of c and 2945?
155
Let z(u) = -15*u + 1534. Let q be z(98). Calculate the highest common divisor of q and 1176.
8
Let k be (-589 - 0 - -1)/(2/(-3)). Suppose -5*m + k = -1238. Suppose 10*i + 34 = m. What is the greatest common divisor of 26 and i?
13
Let f(x) = 12*x**2 - x - 1. Let j be f(-2). Suppose 0 = 3*d - 4*d + j. Suppose -q - 7 = -2*q. Calculate the highest common factor of q and d.
7
Let f(t) = -t**2. Let j be f(1). Let x be 8/20 + ((-134)/(-20) - (-19)/(-190)). Let c be j + 2 + (x - -4). What is the greatest common divisor of 228 and c?
12
Let s(u) = u**3 - 13*u**2 + 3*u - 23. Let m be s(13). Suppose -4*n = 5*v + m - 199, 3*n - v = 161. What is the highest common divisor of 39 and n?
13
Let n be (-318 - -312)*(-15)/18*4. What is the greatest common factor of n and 170?
10
Let c(b) = 3*b**2 - 13 - 12 + 2 - 14*b**2 - 36*b - b**3. Let r be c(-7). Calculate the greatest common factor of r and 6.
3
Let c = 1781 + -1425. What is the highest common factor of 4 and c?
4
Let u be 1559/7 - 48/(-168). Let y = 224 - u. Calculate the highest common factor of 17 and y.
1
Suppose 0*s - 11*s + 11 = 0. Let i be (s/2)/((-4155)/830 - -5). Let h = i + 259. Calculate the highest common divisor of h and 16.
16
Suppose -196 = -4*r + 5*